f i(-8)?
9
Suppose 0 = -57*o + 49*o + 1016. What is the units digit of o?
7
Let v(k) = -2*k**3 + 3*k**2 - 3*k - 3. Let s be (3/9)/(((-3)/27)/1). What is the units digit of v(s)?
7
Let y = 9 + -7. Let q(j) = -11 + 0*j - 7*j + 6 - y - j**2. What is the units digit of q(-5)?
3
Suppose 4*b + 758 = 2*m, -m - m = -2*b - 764. What is the hundreds digit of m?
3
Suppose g - 1857 = -2*w, 20*w - 6 = 22*w. What is the hundreds digit of g?
8
Suppose 4*b + 5*i - 1471 = 1353, -4 = i. What is the units digit of b?
1
Suppose 2*g = 4*h + 4*g - 24, -4*h + 22 = 3*g. Let p be (h + -6)/((-2)/(-36)). Suppose 5*j - 117 = p. What is the units digit of j?
7
Let o(d) = 121*d - 8. What is the units digit of o(2)?
4
Let w = -37 + 41. What is the tens digit of 34 + w - 3/(-1)?
4
Let j = 92 - 90. Let n = j - -32. What is the units digit of n?
4
Let h(m) = -m**3 + 8*m**2 - 5*m - 11. Let o be h(7). Let q(g) = g + 15 + 2*g**2 - 18 - g - g**o. What is the tens digit of q(-3)?
4
Let k be 2*2*(-3)/2. Let f = k - -10. Suppose -f*c = 2*i - 102, c - 47 = -2*i + 55. What is the tens digit of i?
5
Let w(d) be the first derivative of -d + 3 - 1/2*d**2. What is the units digit of w(-10)?
9
What is the tens digit of (8 - 170/20)/(2/(-3636))?
0
Suppose 48*t - 62160 = -0*t. What is the hundreds digit of t?
2
Suppose -4*h + m + 208 = 0, h = -3*h + 2*m + 208. Suppose -2*b = 2*k + h, -3*b + b - 3*k - 52 = 0. What is the tens digit of b*(-1 + (-4)/(-8))?
1
Suppose -o = 4*o + 20. Let m be (-318)/(-42) - o/(-7). What is the units digit of m*-3*(-10)/7?
0
Let x = -21 + 26. Let z = x + 2. Let o = z + -4. What is the units digit of o?
3
Let b(t) = 16*t**2 + 41. What is the tens digit of b(13)?
4
Suppose 0 = -4*a + 20 - 4. Suppose a*y = -3*y + 357. What is the tens digit of y?
5
Suppose 4*w + 0*w - 3*b = 212, 0 = -5*w + 3*b + 262. Suppose -2*v - w = -7*v. Let m = v + 7. What is the units digit of m?
7
Let g(o) = -57*o - 1. Let d be g(-9). Suppose -17*h = -13*h - d. What is the units digit of h?
8
Let z(d) = d**3 - 2*d**2 + d + 181. Let c be (-14 - -18) + 1*-3 - 1. What is the hundreds digit of z(c)?
1
Suppose 5*h - 18795 = -5*s, 3750 = s - 14*h + 18*h. What is the thousands digit of s?
3
Suppose 7*d - 4*d = 15, 5*y - 1655 = -5*d. What is the units digit of y?
6
Let t = -19 - -21. Suppose 0 = 2*k + d - 9 + t, -k + 7 = 4*d. Suppose -3*i - 2*i = -4*w + 80, 0 = -k*w + 4*i + 60. What is the units digit of w?
0
Suppose 3*i - 3*z - 10533 = -2601, -2660 = -i + 5*z. What is the thousands digit of i?
2
Suppose -4*w + 20 = 0, 0 = 3*b + b - 4*w + 4. Suppose 0*u - 3*u - 3 = -b*p, -2*u + 12 = 2*p. Let t = 3 + u. What is the units digit of t?
6
Let b = 170 - -402. Suppose 0 = -5*t - 8*t + b. What is the units digit of t?
4
What is the units digit of (-3)/(-9)*13*(-42 + 381)?
9
What is the thousands digit of (-105)/30 - -2 - 4159/(-2)?
2
Suppose -16*s + 13*s = -9. Suppose -65 = -s*f + 37. What is the tens digit of f?
3
Let r = -25 + 37. Let y(c) = -c + 16. Let a be y(r). Suppose -3*p = -a*w - 16 + 48, -3*w + 24 = -2*p. What is the units digit of w?
8
Let f(d) be the second derivative of d**5/60 - d**4/24 - d**3/6 - 2*d**2 + 6*d. Let o(v) be the first derivative of f(v). What is the tens digit of o(-5)?
2
Let g be -52*5/10 + (0 - 0). Let f be (-1)/2*6/(-3). What is the units digit of 1/(-1) + f - g?
6
Let r = 23 + -19. Let k be -56 - (r - 35/5). Let p = k + 91. What is the units digit of p?
8
Let a(q) = q**3 - 8*q**2 - 6*q + 1. Let l = 3 + -5. Let h(k) = -6*k - 3. Let v be h(l). What is the units digit of a(v)?
8
Let i(o) = 2*o**2 - 23*o + 38. What is the units digit of i(16)?
2
Let l(p) = 39*p - 19. Let x be l(5). Suppose -3*z + x - 11 = 0. What is the units digit of z?
5
Suppose -3*q = -4*q + 2. Suppose 0*p + q*p = 5*s - 88, 0 = 5*p + 20. What is the units digit of s?
6
Let y(j) = 45*j - 699. What is the hundreds digit of y(34)?
8
Suppose 0*h - 4*h = -14976. Let g be 5*(h/(-15))/(-6). Suppose 2*f - 3*f + 4*z + 53 = 0, 0 = 5*f - z - g. What is the tens digit of f?
4
Suppose -111*y = -128*y + 9146. What is the units digit of y?
8
Let y = -191 - -300. Let c = -71 + y. Suppose 4*t - 2*t = c. What is the units digit of t?
9
Let p(g) = -2*g - 18. Let l be p(-12). Let o(x) = x**3 - 5*x**2 - x + 1. What is the units digit of o(l)?
1
Let x(d) = 3050*d**3 + d - 1. What is the tens digit of x(1)?
5
Let o be 4 + -2 - 16 - 1. Let f = 12 - o. What is the tens digit of f?
2
Let u = 22 + -36. Let v = u - -4. Let z = v + 27. What is the tens digit of z?
1
Let s = 5 - 3. Suppose -s*b - 34 = -3*b. What is the tens digit of b?
3
Suppose 3*i - 11 = z, 0 = -i - 0*i + 3*z - 7. Suppose 0*k = -2*l - i*k + 2, -5*k = l - 11. Let m(d) = -4*d + 3. What is the units digit of m(l)?
9
What is the tens digit of ((-3024)/105)/((-6)/40)?
9
Suppose -2*c - 3*c = -5*h - 2880, 2301 = 4*c - h. What is the hundreds digit of c?
5
Let w(m) = -4*m**3 - 8*m**2 + 5*m - 6. Let f(q) = 9*q**3 + 17*q**2 - 11*q + 11. Let b(y) = -3*f(y) - 7*w(y). What is the units digit of b(4)?
5
Let w(x) = 2 - x - 4*x + 11*x**2 - 5*x - 2*x**2 + x**3. Let t be w(-10). Suppose -3*u = -v + 16, -t*u + 3*u = 2*v - 27. What is the tens digit of v?
1
Let w(n) be the second derivative of -n**5/20 - n**4/4 + n**3/2 + 3*n**2/2 + 6*n. Let v = 7 - 12. What is the tens digit of w(v)?
3
Let w = 143 - 154. What is the hundreds digit of (-366)/(-2) + (-55)/w?
1
Suppose -3*u + 25 = 2*u. Suppose -146 = 3*t - u*t. What is the tens digit of t?
7
Suppose 0 = -3*q - k - 147, -2*q + 4*k - 47 = 51. Let w(a) = a**3 + a**2 - a - 34. Let g be w(0). Let j = g - q. What is the units digit of j?
5
Suppose -5*s + 5 = -2*p - 14, -2*s = -5*p + 5. What is the units digit of s?
5
Let p(x) = -x**3 - 19*x**2 + 8*x + 28. What is the units digit of p(-20)?
8
Suppose -3*a + 12 + 27 = 0. Suppose 0 = 15*g - a*g - 320. What is the hundreds digit of g?
1
What is the hundreds digit of (-203116)/(-187) + 8/(-44)?
0
Let c be 3/2 - (-9855)/54. Let j = c + -167. What is the tens digit of j?
1
Suppose 0 = -h + 13 - 4. Let s = h + -11. What is the units digit of (-1)/s - (-564)/24?
4
Let u be 3 + (-1)/(2/50). Let w = u - -27. Suppose -5*n + 223 = 2*g, w*g - 220 = -3*n - 2*n. What is the tens digit of n?
4
Suppose 0 = -44*c + 79191 + 19105. What is the hundreds digit of c?
2
Let z = 339 - 32. Suppose -2*n = 0, -2*n + z + 379 = 2*t. What is the tens digit of t?
4
Let n(y) be the second derivative of 3*y**4/4 + y**3/3 + 12*y. What is the tens digit of n(4)?
5
What is the hundreds digit of 4 + -2 - 14/(-21)*1122?
7
What is the units digit of (5496/(-3))/(3*8/(-12))?
6
Suppose v + 4*v = 2*g - 21, -29 = -3*g + 5*v. What is the tens digit of (22/g)/(3/12)?
1
Suppose 4*t + 50 = 2*t. Let m = t - -44. Let c = -13 + m. What is the units digit of c?
6
Suppose -4*i = i - 1730. What is the units digit of i?
6
Suppose 15 = m + 5*x - 0*x, 5*m + 70 = 4*x. Let g = m + 19. Suppose u - g = 15. What is the units digit of u?
4
Let z = 30 - 10. Let m = z - 10. Let b = -2 + m. What is the units digit of b?
8
Suppose 0 = -u - 4*u - 5, -3*f + 3 = -3*u. Suppose f = -2*j - j + 201. What is the tens digit of j?
6
What is the units digit of -2*(-206)/16 + 24/(-32)?
5
Suppose -20 = -12*z + 7*z. What is the hundreds digit of z/(-6)*993*8/(-16)?
3
Let m be (-6)/(-24) + 22/8. Let w(o) = -27 - 3*o**3 + 29 - o + 2*o**m. What is the units digit of w(-3)?
2
Suppose 4*m - 5496 = 2*v, 0 = 3*m + 4*v - 3129 - 993. Suppose -258 = -6*k + m. What is the tens digit of k?
7
Let g(s) = -s - 3. Let q be g(-4). Let f = q - -3. What is the units digit of 30/f*(-6)/(-5)?
9
Let l(g) = -g**3 + 34*g**2 - 46*g + 118. What is the units digit of l(17)?
9
Suppose -2*q - 5*d + 111 = 0, -102 = -2*q + 7*d - 3*d. What is the units digit of q?
3
Let z = 223 - 108. Suppose -48 = -d + z. What is the units digit of d?
3
What is the units digit of (-3)/(6/(-14)) + 169 + 3293?
9
What is the tens digit of (50524/(-102))/(2/(-6))?
8
Let h be 56/(-252) - (-1)/(18/5638). Suppose -3*a + h = -368. What is the hundreds digit of a?
2
Let q(m) = m**2 - 18*m - 12. What is the tens digit of q(30)?
4
Suppose 4*r - 40 = 3*s - 203, 3*s + r = 158. Let j = 114 - s. What is the tens digit of j?
6
Let o = -895 - -1466. What is the tens digit of o?
7
Let g = -69 - -149. Suppose 4*b - g = 32. Suppose 0*t + t - b